{"id":1230,"date":"2021-04-06T11:26:40","date_gmt":"2021-04-06T11:26:40","guid":{"rendered":"https:\/\/smartmonitoring.ufsc.br\/index.php\/home\/"},"modified":"2026-02-25T15:19:14","modified_gmt":"2026-02-25T18:19:14","slug":"home","status":"publish","type":"page","link":"https:\/\/smartmonitoring.ufsc.br\/","title":{"rendered":"Home"},"content":{"rendered":"\t\t<div data-elementor-type=\"wp-page\" data-elementor-id=\"1230\" class=\"elementor elementor-1230\">\n\t\t\t\t\t\t\t\t\t<section class=\"elementor-section elementor-top-section elementor-element elementor-element-b07810a elementor-section-content-middle elementor-section-boxed elementor-section-height-default elementor-section-height-default\" data-id=\"b07810a\" data-element_type=\"section\" data-settings=\"{&quot;background_background&quot;:&quot;classic&quot;}\">\n\t\t\t\t\t\t<div class=\"elementor-container elementor-column-gap-no\">\n\t\t\t\t\t<div class=\"elementor-column elementor-col-50 elementor-top-column elementor-element elementor-element-2448861\" data-id=\"2448861\" data-element_type=\"column\">\n\t\t\t<div class=\"elementor-widget-wrap elementor-element-populated\">\n\t\t\t\t\t\t\t\t<div class=\"elementor-element elementor-element-3aa1c9e elementor-widget elementor-widget-heading\" data-id=\"3aa1c9e\" data-element_type=\"widget\" data-widget_type=\"heading.default\">\n\t\t\t\t<div class=\"elementor-widget-container\">\n\t\t\t<style>\/*! elementor - v3.18.0 - 20-12-2023 *\/\n.elementor-heading-title{padding:0;margin:0;line-height:1}.elementor-widget-heading .elementor-heading-title[class*=elementor-size-]>a{color:inherit;font-size:inherit;line-height:inherit}.elementor-widget-heading .elementor-heading-title.elementor-size-small{font-size:15px}.elementor-widget-heading .elementor-heading-title.elementor-size-medium{font-size:19px}.elementor-widget-heading .elementor-heading-title.elementor-size-large{font-size:29px}.elementor-widget-heading .elementor-heading-title.elementor-size-xl{font-size:39px}.elementor-widget-heading .elementor-heading-title.elementor-size-xxl{font-size:59px}<\/style><h1 class=\"elementor-heading-title elementor-size-default\">Smart Monitoring\n- Surface Measureament Tool<\/h1>\t\t<\/div>\n\t\t\t\t<\/div>\n\t\t\t\t<div class=\"elementor-element elementor-element-71d13c8 elementor-widget elementor-widget-text-editor\" data-id=\"71d13c8\" data-element_type=\"widget\" data-widget_type=\"text-editor.default\">\n\t\t\t\t<div class=\"elementor-widget-container\">\n\t\t\t<style>\/*! elementor - v3.18.0 - 20-12-2023 *\/\n.elementor-widget-text-editor.elementor-drop-cap-view-stacked .elementor-drop-cap{background-color:#69727d;color:#fff}.elementor-widget-text-editor.elementor-drop-cap-view-framed .elementor-drop-cap{color:#69727d;border:3px solid;background-color:transparent}.elementor-widget-text-editor:not(.elementor-drop-cap-view-default) .elementor-drop-cap{margin-top:8px}.elementor-widget-text-editor:not(.elementor-drop-cap-view-default) .elementor-drop-cap-letter{width:1em;height:1em}.elementor-widget-text-editor .elementor-drop-cap{float:left;text-align:center;line-height:1;font-size:50px}.elementor-widget-text-editor .elementor-drop-cap-letter{display:inline-block}<\/style>\t\t\t\t<p>O SMART Monitoring \u00e9 um programa de computador desenvolvido pela equipe da Universidade Federal de Santa Catarina para a mensura\u00e7\u00e3o da \u00e1rea lesional em fotografias ou imagens cl\u00ednicas. Este programa faz parte de uma iniciativa vinculada ao projeto de pesquisa intitulado &#8220;Monitoramento avan\u00e7ado das les\u00f5es orais de osteonecrose: avalia\u00e7\u00e3o cl\u00ednica e radiogr\u00e1fica por meio da Intelig\u00eancia Artificial aliada \u00e0 identifica\u00e7\u00e3o de biomarcadores&#8221;, apoiado pelo Conselho Nacional de Desenvolvimento Cient\u00edfico e Tecnol\u00f3gico &#8211; CNPq em parceria com a Empresa Brasileira de Servi\u00e7os Hospitalares &#8211; EBSERH (processo n\u00famero 403656\/2021-4).<\/p>\t\t\t\t\t\t<\/div>\n\t\t\t\t<\/div>\n\t\t\t\t\t<\/div>\n\t\t<\/div>\n\t\t\t\t<div class=\"elementor-column elementor-col-50 elementor-top-column elementor-element elementor-element-31f338c\" data-id=\"31f338c\" data-element_type=\"column\" data-settings=\"{&quot;background_background&quot;:&quot;gradient&quot;}\">\n\t\t\t<div class=\"elementor-widget-wrap elementor-element-populated\">\n\t\t\t\t\t\t\t\t<div class=\"elementor-element elementor-element-0b4498d elementor-widget elementor-widget-image\" data-id=\"0b4498d\" data-element_type=\"widget\" data-widget_type=\"image.default\">\n\t\t\t\t<div class=\"elementor-widget-container\">\n\t\t\t<style>\/*! elementor - v3.18.0 - 20-12-2023 *\/\n.elementor-widget-image{text-align:center}.elementor-widget-image a{display:inline-block}.elementor-widget-image a img[src$=\".svg\"]{width:48px}.elementor-widget-image img{vertical-align:middle;display:inline-block}<\/style>\t\t\t\t\t\t\t\t\t\t\t\t<img fetchpriority=\"high\" decoding=\"async\" width=\"500\" height=\"500\" src=\"https:\/\/smartmonitoring.ufsc.br\/wp-content\/uploads\/2023\/01\/SMART-2-1.png\" class=\"attachment-2048x2048 size-2048x2048 wp-image-1553\" alt=\"\" srcset=\"https:\/\/smartmonitoring.ufsc.br\/wp-content\/uploads\/2023\/01\/SMART-2-1.png 500w, https:\/\/smartmonitoring.ufsc.br\/wp-content\/uploads\/2023\/01\/SMART-2-1-300x300.png 300w, https:\/\/smartmonitoring.ufsc.br\/wp-content\/uploads\/2023\/01\/SMART-2-1-150x150.png 150w\" sizes=\"(max-width: 500px) 100vw, 500px\" \/>\t\t\t\t\t\t\t\t\t\t\t\t\t\t\t<\/div>\n\t\t\t\t<\/div>\n\t\t\t\t\t<\/div>\n\t\t<\/div>\n\t\t\t\t\t\t\t<\/div>\n\t\t<\/section>\n\t\t\t\t<section class=\"elementor-section elementor-top-section elementor-element elementor-element-gvc9d2v elementor-section-boxed elementor-section-height-default elementor-section-height-default\" data-id=\"gvc9d2v\" data-element_type=\"section\" data-settings=\"{&quot;background_background&quot;:&quot;classic&quot;}\">\n\t\t\t\t\t\t<div class=\"elementor-container elementor-column-gap-default\">\n\t\t\t\t\t<div class=\"elementor-column elementor-col-100 elementor-top-column elementor-element elementor-element-3bfd4be\" data-id=\"3bfd4be\" data-element_type=\"column\">\n\t\t\t<div class=\"elementor-widget-wrap elementor-element-populated\">\n\t\t\t\t\t\t\t\t<div class=\"elementor-element elementor-element-3741179 gallery-spacing-custom elementor-widget elementor-widget-image-gallery\" data-id=\"3741179\" data-element_type=\"widget\" data-widget_type=\"image-gallery.default\">\n\t\t\t\t<div class=\"elementor-widget-container\">\n\t\t\t<style>\/*! elementor - v3.18.0 - 20-12-2023 *\/\n.elementor-image-gallery .gallery-item{display:inline-block;text-align:center;vertical-align:top;width:100%;max-width:100%;margin:0 auto}.elementor-image-gallery .gallery-item img{margin:0 auto}.elementor-image-gallery .gallery-item .gallery-caption{margin:0}.elementor-image-gallery figure img{display:block}.elementor-image-gallery figure figcaption{width:100%}.gallery-spacing-custom .elementor-image-gallery .gallery-icon{padding:0}@media (min-width:768px){.elementor-image-gallery .gallery-columns-2 .gallery-item{max-width:50%}.elementor-image-gallery .gallery-columns-3 .gallery-item{max-width:33.33%}.elementor-image-gallery .gallery-columns-4 .gallery-item{max-width:25%}.elementor-image-gallery .gallery-columns-5 .gallery-item{max-width:20%}.elementor-image-gallery .gallery-columns-6 .gallery-item{max-width:16.666%}.elementor-image-gallery .gallery-columns-7 .gallery-item{max-width:14.28%}.elementor-image-gallery .gallery-columns-8 .gallery-item{max-width:12.5%}.elementor-image-gallery .gallery-columns-9 .gallery-item{max-width:11.11%}.elementor-image-gallery .gallery-columns-10 .gallery-item{max-width:10%}}@media (min-width:480px) and (max-width:767px){.elementor-image-gallery .gallery.gallery-columns-2 .gallery-item,.elementor-image-gallery .gallery.gallery-columns-3 .gallery-item,.elementor-image-gallery .gallery.gallery-columns-4 .gallery-item,.elementor-image-gallery .gallery.gallery-columns-5 .gallery-item,.elementor-image-gallery .gallery.gallery-columns-6 .gallery-item,.elementor-image-gallery .gallery.gallery-columns-7 .gallery-item,.elementor-image-gallery .gallery.gallery-columns-8 .gallery-item,.elementor-image-gallery .gallery.gallery-columns-9 .gallery-item,.elementor-image-gallery .gallery.gallery-columns-10 .gallery-item{max-width:50%}}@media (max-width:479px){.elementor-image-gallery .gallery.gallery-columns-2 .gallery-item,.elementor-image-gallery .gallery.gallery-columns-3 .gallery-item,.elementor-image-gallery .gallery.gallery-columns-4 .gallery-item,.elementor-image-gallery .gallery.gallery-columns-5 .gallery-item,.elementor-image-gallery .gallery.gallery-columns-6 .gallery-item,.elementor-image-gallery .gallery.gallery-columns-7 .gallery-item,.elementor-image-gallery .gallery.gallery-columns-8 .gallery-item,.elementor-image-gallery .gallery.gallery-columns-9 .gallery-item,.elementor-image-gallery .gallery.gallery-columns-10 .gallery-item{max-width:100%}}<\/style>\t\t<div class=\"elementor-image-gallery\">\n\t\t\t<div id='gallery-1' class='gallery galleryid-1230 gallery-columns-3 gallery-size-full'><figure class='gallery-item'>\n\t\t\t<div class='gallery-icon landscape'>\n\t\t\t\t<a data-elementor-open-lightbox=\"yes\" data-elementor-lightbox-slideshow=\"3741179\" data-elementor-lightbox-title=\"IMG_6583\" data-e-action-hash=\"#elementor-action%3Aaction%3Dlightbox%26settings%3DeyJpZCI6MTY4MiwidXJsIjoiaHR0cHM6XC9cL3NtYXJ0bW9uaXRvcmluZy51ZnNjLmJyXC93cC1jb250ZW50XC91cGxvYWRzXC8yMDIzXC8wMVwvSU1HXzY1ODMtMi1zY2FsZWQuanBnIiwic2xpZGVzaG93IjoiMzc0MTE3OSJ9\" href='https:\/\/smartmonitoring.ufsc.br\/wp-content\/uploads\/2023\/01\/IMG_6583-2-scaled.jpg'><img width=\"2560\" height=\"1707\" src=\"https:\/\/smartmonitoring.ufsc.br\/wp-content\/uploads\/2023\/01\/IMG_6583-2-scaled.jpg\" class=\"attachment-full size-full\" alt=\"\" decoding=\"async\" srcset=\"https:\/\/smartmonitoring.ufsc.br\/wp-content\/uploads\/2023\/01\/IMG_6583-2-scaled.jpg 2560w, https:\/\/smartmonitoring.ufsc.br\/wp-content\/uploads\/2023\/01\/IMG_6583-2-300x200.jpg 300w, https:\/\/smartmonitoring.ufsc.br\/wp-content\/uploads\/2023\/01\/IMG_6583-2-1024x683.jpg 1024w, https:\/\/smartmonitoring.ufsc.br\/wp-content\/uploads\/2023\/01\/IMG_6583-2-768x512.jpg 768w, https:\/\/smartmonitoring.ufsc.br\/wp-content\/uploads\/2023\/01\/IMG_6583-2-1536x1024.jpg 1536w, https:\/\/smartmonitoring.ufsc.br\/wp-content\/uploads\/2023\/01\/IMG_6583-2-2048x1365.jpg 2048w\" sizes=\"(max-width: 2560px) 100vw, 2560px\" \/><\/a>\n\t\t\t<\/div><\/figure><figure class='gallery-item'>\n\t\t\t<div class='gallery-icon landscape'>\n\t\t\t\t<a data-elementor-open-lightbox=\"yes\" data-elementor-lightbox-slideshow=\"3741179\" data-elementor-lightbox-title=\"IMG_7476\" data-e-action-hash=\"#elementor-action%3Aaction%3Dlightbox%26settings%3DeyJpZCI6MTY3NywidXJsIjoiaHR0cHM6XC9cL3NtYXJ0bW9uaXRvcmluZy51ZnNjLmJyXC93cC1jb250ZW50XC91cGxvYWRzXC8yMDIzXC8wMVwvSU1HXzc0NzYtMi1zY2FsZWQuanBnIiwic2xpZGVzaG93IjoiMzc0MTE3OSJ9\" href='https:\/\/smartmonitoring.ufsc.br\/wp-content\/uploads\/2023\/01\/IMG_7476-2-scaled.jpg'><img width=\"2560\" height=\"1707\" src=\"https:\/\/smartmonitoring.ufsc.br\/wp-content\/uploads\/2023\/01\/IMG_7476-2-scaled.jpg\" class=\"attachment-full size-full\" alt=\"\" decoding=\"async\" srcset=\"https:\/\/smartmonitoring.ufsc.br\/wp-content\/uploads\/2023\/01\/IMG_7476-2-scaled.jpg 2560w, https:\/\/smartmonitoring.ufsc.br\/wp-content\/uploads\/2023\/01\/IMG_7476-2-300x200.jpg 300w, https:\/\/smartmonitoring.ufsc.br\/wp-content\/uploads\/2023\/01\/IMG_7476-2-1024x683.jpg 1024w, https:\/\/smartmonitoring.ufsc.br\/wp-content\/uploads\/2023\/01\/IMG_7476-2-768x512.jpg 768w, https:\/\/smartmonitoring.ufsc.br\/wp-content\/uploads\/2023\/01\/IMG_7476-2-1536x1024.jpg 1536w, https:\/\/smartmonitoring.ufsc.br\/wp-content\/uploads\/2023\/01\/IMG_7476-2-2048x1365.jpg 2048w\" sizes=\"(max-width: 2560px) 100vw, 2560px\" \/><\/a>\n\t\t\t<\/div><\/figure><figure class='gallery-item'>\n\t\t\t<div class='gallery-icon landscape'>\n\t\t\t\t<a data-elementor-open-lightbox=\"yes\" data-elementor-lightbox-slideshow=\"3741179\" data-elementor-lightbox-title=\"IMG_6603\" data-e-action-hash=\"#elementor-action%3Aaction%3Dlightbox%26settings%3DeyJpZCI6MTY4MCwidXJsIjoiaHR0cHM6XC9cL3NtYXJ0bW9uaXRvcmluZy51ZnNjLmJyXC93cC1jb250ZW50XC91cGxvYWRzXC8yMDIzXC8wMVwvSU1HXzY2MDMtMS1zY2FsZWQuanBnIiwic2xpZGVzaG93IjoiMzc0MTE3OSJ9\" href='https:\/\/smartmonitoring.ufsc.br\/wp-content\/uploads\/2023\/01\/IMG_6603-1-scaled.jpg'><img loading=\"lazy\" width=\"2560\" height=\"1707\" src=\"https:\/\/smartmonitoring.ufsc.br\/wp-content\/uploads\/2023\/01\/IMG_6603-1-scaled.jpg\" class=\"attachment-full size-full\" alt=\"\" decoding=\"async\" srcset=\"https:\/\/smartmonitoring.ufsc.br\/wp-content\/uploads\/2023\/01\/IMG_6603-1-scaled.jpg 2560w, https:\/\/smartmonitoring.ufsc.br\/wp-content\/uploads\/2023\/01\/IMG_6603-1-300x200.jpg 300w, https:\/\/smartmonitoring.ufsc.br\/wp-content\/uploads\/2023\/01\/IMG_6603-1-1024x683.jpg 1024w, https:\/\/smartmonitoring.ufsc.br\/wp-content\/uploads\/2023\/01\/IMG_6603-1-768x512.jpg 768w, https:\/\/smartmonitoring.ufsc.br\/wp-content\/uploads\/2023\/01\/IMG_6603-1-1536x1024.jpg 1536w, https:\/\/smartmonitoring.ufsc.br\/wp-content\/uploads\/2023\/01\/IMG_6603-1-2048x1365.jpg 2048w\" sizes=\"(max-width: 2560px) 100vw, 2560px\" \/><\/a>\n\t\t\t<\/div><\/figure><figure class='gallery-item'>\n\t\t\t<div class='gallery-icon landscape'>\n\t\t\t\t<a data-elementor-open-lightbox=\"yes\" data-elementor-lightbox-slideshow=\"3741179\" data-elementor-lightbox-title=\"IMG_6541\" data-e-action-hash=\"#elementor-action%3Aaction%3Dlightbox%26settings%3DeyJpZCI6MTY3OSwidXJsIjoiaHR0cHM6XC9cL3NtYXJ0bW9uaXRvcmluZy51ZnNjLmJyXC93cC1jb250ZW50XC91cGxvYWRzXC8yMDIzXC8wMVwvSU1HXzY1NDEtc2NhbGVkLmpwZyIsInNsaWRlc2hvdyI6IjM3NDExNzkifQ%3D%3D\" href='https:\/\/smartmonitoring.ufsc.br\/wp-content\/uploads\/2023\/01\/IMG_6541-scaled.jpg'><img loading=\"lazy\" width=\"2560\" height=\"1707\" src=\"https:\/\/smartmonitoring.ufsc.br\/wp-content\/uploads\/2023\/01\/IMG_6541-scaled.jpg\" class=\"attachment-full size-full\" alt=\"\" decoding=\"async\" srcset=\"https:\/\/smartmonitoring.ufsc.br\/wp-content\/uploads\/2023\/01\/IMG_6541-scaled.jpg 2560w, https:\/\/smartmonitoring.ufsc.br\/wp-content\/uploads\/2023\/01\/IMG_6541-300x200.jpg 300w, https:\/\/smartmonitoring.ufsc.br\/wp-content\/uploads\/2023\/01\/IMG_6541-1024x683.jpg 1024w, https:\/\/smartmonitoring.ufsc.br\/wp-content\/uploads\/2023\/01\/IMG_6541-768x512.jpg 768w, https:\/\/smartmonitoring.ufsc.br\/wp-content\/uploads\/2023\/01\/IMG_6541-1536x1024.jpg 1536w, https:\/\/smartmonitoring.ufsc.br\/wp-content\/uploads\/2023\/01\/IMG_6541-2048x1365.jpg 2048w\" sizes=\"(max-width: 2560px) 100vw, 2560px\" \/><\/a>\n\t\t\t<\/div><\/figure><figure class='gallery-item'>\n\t\t\t<div class='gallery-icon landscape'>\n\t\t\t\t<a data-elementor-open-lightbox=\"yes\" data-elementor-lightbox-slideshow=\"3741179\" data-elementor-lightbox-title=\"IMG_6821\" data-e-action-hash=\"#elementor-action%3Aaction%3Dlightbox%26settings%3DeyJpZCI6MTY3NSwidXJsIjoiaHR0cHM6XC9cL3NtYXJ0bW9uaXRvcmluZy51ZnNjLmJyXC93cC1jb250ZW50XC91cGxvYWRzXC8yMDIzXC8wMVwvSU1HXzY4MjEtMS1zY2FsZWQuanBnIiwic2xpZGVzaG93IjoiMzc0MTE3OSJ9\" href='https:\/\/smartmonitoring.ufsc.br\/wp-content\/uploads\/2023\/01\/IMG_6821-1-scaled.jpg'><img loading=\"lazy\" width=\"2560\" height=\"1707\" src=\"https:\/\/smartmonitoring.ufsc.br\/wp-content\/uploads\/2023\/01\/IMG_6821-1-scaled.jpg\" class=\"attachment-full size-full\" alt=\"\" decoding=\"async\" srcset=\"https:\/\/smartmonitoring.ufsc.br\/wp-content\/uploads\/2023\/01\/IMG_6821-1-scaled.jpg 2560w, https:\/\/smartmonitoring.ufsc.br\/wp-content\/uploads\/2023\/01\/IMG_6821-1-300x200.jpg 300w, https:\/\/smartmonitoring.ufsc.br\/wp-content\/uploads\/2023\/01\/IMG_6821-1-1024x683.jpg 1024w, https:\/\/smartmonitoring.ufsc.br\/wp-content\/uploads\/2023\/01\/IMG_6821-1-768x512.jpg 768w, https:\/\/smartmonitoring.ufsc.br\/wp-content\/uploads\/2023\/01\/IMG_6821-1-1536x1024.jpg 1536w, https:\/\/smartmonitoring.ufsc.br\/wp-content\/uploads\/2023\/01\/IMG_6821-1-2048x1365.jpg 2048w\" sizes=\"(max-width: 2560px) 100vw, 2560px\" \/><\/a>\n\t\t\t<\/div><\/figure><figure class='gallery-item'>\n\t\t\t<div class='gallery-icon landscape'>\n\t\t\t\t<a data-elementor-open-lightbox=\"yes\" data-elementor-lightbox-slideshow=\"3741179\" data-elementor-lightbox-title=\"IMG_6598\" data-e-action-hash=\"#elementor-action%3Aaction%3Dlightbox%26settings%3DeyJpZCI6MTY3MywidXJsIjoiaHR0cHM6XC9cL3NtYXJ0bW9uaXRvcmluZy51ZnNjLmJyXC93cC1jb250ZW50XC91cGxvYWRzXC8yMDIzXC8wMVwvSU1HXzY1OTgtMS1zY2FsZWQuanBnIiwic2xpZGVzaG93IjoiMzc0MTE3OSJ9\" href='https:\/\/smartmonitoring.ufsc.br\/wp-content\/uploads\/2023\/01\/IMG_6598-1-scaled.jpg'><img loading=\"lazy\" width=\"2560\" height=\"1707\" src=\"https:\/\/smartmonitoring.ufsc.br\/wp-content\/uploads\/2023\/01\/IMG_6598-1-scaled.jpg\" class=\"attachment-full size-full\" alt=\"\" decoding=\"async\" srcset=\"https:\/\/smartmonitoring.ufsc.br\/wp-content\/uploads\/2023\/01\/IMG_6598-1-scaled.jpg 2560w, https:\/\/smartmonitoring.ufsc.br\/wp-content\/uploads\/2023\/01\/IMG_6598-1-300x200.jpg 300w, https:\/\/smartmonitoring.ufsc.br\/wp-content\/uploads\/2023\/01\/IMG_6598-1-1024x683.jpg 1024w, https:\/\/smartmonitoring.ufsc.br\/wp-content\/uploads\/2023\/01\/IMG_6598-1-768x512.jpg 768w, https:\/\/smartmonitoring.ufsc.br\/wp-content\/uploads\/2023\/01\/IMG_6598-1-1536x1024.jpg 1536w, https:\/\/smartmonitoring.ufsc.br\/wp-content\/uploads\/2023\/01\/IMG_6598-1-2048x1365.jpg 2048w\" sizes=\"(max-width: 2560px) 100vw, 2560px\" \/><\/a>\n\t\t\t<\/div><\/figure>\n\t\t<\/div>\n\t\t<\/div>\n\t\t\t\t<\/div>\n\t\t\t\t<\/div>\n\t\t\t\t<div class=\"elementor-element elementor-element-c03f93f elementor-widget-divider--view-line elementor-widget elementor-widget-divider\" data-id=\"c03f93f\" data-element_type=\"widget\" data-widget_type=\"divider.default\">\n\t\t\t\t<div class=\"elementor-widget-container\">\n\t\t\t<style>\/*! elementor - v3.18.0 - 20-12-2023 *\/\n.elementor-widget-divider{--divider-border-style:none;--divider-border-width:1px;--divider-color:#0c0d0e;--divider-icon-size:20px;--divider-element-spacing:10px;--divider-pattern-height:24px;--divider-pattern-size:20px;--divider-pattern-url:none;--divider-pattern-repeat:repeat-x}.elementor-widget-divider .elementor-divider{display:flex}.elementor-widget-divider .elementor-divider__text{font-size:15px;line-height:1;max-width:95%}.elementor-widget-divider .elementor-divider__element{margin:0 var(--divider-element-spacing);flex-shrink:0}.elementor-widget-divider .elementor-icon{font-size:var(--divider-icon-size)}.elementor-widget-divider .elementor-divider-separator{display:flex;margin:0;direction:ltr}.elementor-widget-divider--view-line_icon .elementor-divider-separator,.elementor-widget-divider--view-line_text .elementor-divider-separator{align-items:center}.elementor-widget-divider--view-line_icon .elementor-divider-separator:after,.elementor-widget-divider--view-line_icon .elementor-divider-separator:before,.elementor-widget-divider--view-line_text .elementor-divider-separator:after,.elementor-widget-divider--view-line_text .elementor-divider-separator:before{display:block;content:\"\";border-bottom:0;flex-grow:1;border-top:var(--divider-border-width) var(--divider-border-style) var(--divider-color)}.elementor-widget-divider--element-align-left .elementor-divider .elementor-divider-separator>.elementor-divider__svg:first-of-type{flex-grow:0;flex-shrink:100}.elementor-widget-divider--element-align-left .elementor-divider-separator:before{content:none}.elementor-widget-divider--element-align-left .elementor-divider__element{margin-left:0}.elementor-widget-divider--element-align-right .elementor-divider .elementor-divider-separator>.elementor-divider__svg:last-of-type{flex-grow:0;flex-shrink:100}.elementor-widget-divider--element-align-right .elementor-divider-separator:after{content:none}.elementor-widget-divider--element-align-right .elementor-divider__element{margin-right:0}.elementor-widget-divider:not(.elementor-widget-divider--view-line_text):not(.elementor-widget-divider--view-line_icon) .elementor-divider-separator{border-top:var(--divider-border-width) var(--divider-border-style) var(--divider-color)}.elementor-widget-divider--separator-type-pattern{--divider-border-style:none}.elementor-widget-divider--separator-type-pattern.elementor-widget-divider--view-line .elementor-divider-separator,.elementor-widget-divider--separator-type-pattern:not(.elementor-widget-divider--view-line) .elementor-divider-separator:after,.elementor-widget-divider--separator-type-pattern:not(.elementor-widget-divider--view-line) .elementor-divider-separator:before,.elementor-widget-divider--separator-type-pattern:not([class*=elementor-widget-divider--view]) .elementor-divider-separator{width:100%;min-height:var(--divider-pattern-height);-webkit-mask-size:var(--divider-pattern-size) 100%;mask-size:var(--divider-pattern-size) 100%;-webkit-mask-repeat:var(--divider-pattern-repeat);mask-repeat:var(--divider-pattern-repeat);background-color:var(--divider-color);-webkit-mask-image:var(--divider-pattern-url);mask-image:var(--divider-pattern-url)}.elementor-widget-divider--no-spacing{--divider-pattern-size:auto}.elementor-widget-divider--bg-round{--divider-pattern-repeat:round}.rtl .elementor-widget-divider .elementor-divider__text{direction:rtl}.e-con-inner>.elementor-widget-divider,.e-con>.elementor-widget-divider{width:var(--container-widget-width,100%);--flex-grow:var(--container-widget-flex-grow)}<\/style>\t\t<div class=\"elementor-divider\">\n\t\t\t<span class=\"elementor-divider-separator\">\n\t\t\t\t\t\t<\/span>\n\t\t<\/div>\n\t\t\t\t<\/div>\n\t\t\t\t<\/div>\n\t\t\t\t\t<\/div>\n\t\t<\/div>\n\t\t\t\t\t\t\t<\/div>\n\t\t<\/section>\n\t\t\t\t\t\t\t<\/div>\n\t\t","protected":false},"excerpt":{"rendered":"<p>Smart Monitoring &#8211; Surface Measureament Tool O SMART Monitoring \u00e9 um programa de computador desenvolvido pela equipe da Universidade Federal de Santa Catarina para a mensura\u00e7\u00e3o da \u00e1rea lesional em fotografias ou imagens cl\u00ednicas. Este programa faz parte de uma iniciativa vinculada ao projeto de pesquisa intitulado &#8220;Monitoramento avan\u00e7ado das les\u00f5es orais de osteonecrose: avalia\u00e7\u00e3o &hellip;<\/p>\n<p class=\"read-more\"> <a class=\"\" href=\"https:\/\/smartmonitoring.ufsc.br\/\"> <span class=\"screen-reader-text\">Home<\/span> Leia mais &raquo;<\/a><\/p>\n","protected":false},"author":2,"featured_media":0,"parent":0,"menu_order":0,"comment_status":"closed","ping_status":"closed","template":"","meta":{"site-sidebar-layout":"no-sidebar","site-content-layout":"page-builder","ast-global-header-display":"","ast-banner-title-visibility":"","ast-main-header-display":"","ast-hfb-above-header-display":"","ast-hfb-below-header-display":"","ast-hfb-mobile-header-display":"","site-post-title":"disabled","ast-breadcrumbs-content":"","ast-featured-img":"disabled","footer-sml-layout":"","theme-transparent-header-meta":"enabled","adv-header-id-meta":"","stick-header-meta":"","header-above-stick-meta":"","header-main-stick-meta":"","header-below-stick-meta":"","footnotes":""},"_links":{"self":[{"href":"https:\/\/smartmonitoring.ufsc.br\/index.php\/wp-json\/wp\/v2\/pages\/1230"}],"collection":[{"href":"https:\/\/smartmonitoring.ufsc.br\/index.php\/wp-json\/wp\/v2\/pages"}],"about":[{"href":"https:\/\/smartmonitoring.ufsc.br\/index.php\/wp-json\/wp\/v2\/types\/page"}],"author":[{"embeddable":true,"href":"https:\/\/smartmonitoring.ufsc.br\/index.php\/wp-json\/wp\/v2\/users\/2"}],"replies":[{"embeddable":true,"href":"https:\/\/smartmonitoring.ufsc.br\/index.php\/wp-json\/wp\/v2\/comments?post=1230"}],"version-history":[{"count":46,"href":"https:\/\/smartmonitoring.ufsc.br\/index.php\/wp-json\/wp\/v2\/pages\/1230\/revisions"}],"predecessor-version":[{"id":2565,"href":"https:\/\/smartmonitoring.ufsc.br\/index.php\/wp-json\/wp\/v2\/pages\/1230\/revisions\/2565"}],"wp:attachment":[{"href":"https:\/\/smartmonitoring.ufsc.br\/index.php\/wp-json\/wp\/v2\/media?parent=1230"}],"curies":[{"name":"wp","href":"https:\/\/api.w.org\/{rel}","templated":true}]}}